tens digit of g?
1
Let f = 41 - 21. What is the units digit of f?
0
Let s be 61/(-3)*27/(-9). Suppose -5*r + s = 4*n, 4*r - 42 = r + 3*n. What is the units digit of r?
3
Let l be ((-14)/8)/((-5)/20). Suppose 5*v - 3 - l = 0. What is the units digit of v?
2
Let f(m) = m**3 - 8*m**2 + m + 10. Let s be f(8). Let q = s - 6. What is the units digit of q?
2
Let s(i) be the third derivative of -i**4/24 + 11*i**3/6 + 3*i**2. What is the units digit of s(9)?
2
Let d = 0 - -5. Suppose d*y = y. Suppose y*g = -5*g + 10. What is the units digit of g?
2
Let c = -75 - -186. What is the tens digit of c?
1
Let z(o) = -3*o + 13. What is the tens digit of z(-7)?
3
Suppose 3*q - n - 103 - 216 = 0, -4*q + 428 = -2*n. What is the hundreds digit of q?
1
Let f(k) = -k**3 + k**2. Let g(z) = 1. Let d(o) = 10*o**2 + o. Let j(t) = -d(t) - 3*g(t). Let x(r) = f(r) + j(r). What is the units digit of x(-9)?
6
Let x be 2/(-3)*(-12)/(-8). Suppose 0 = -s + 5*v - 18, 6*s - s - 18 = -2*v. What is the units digit of (5 - s) + x - -7?
9
Suppose p - 7 = 18. What is the tens digit of p?
2
Suppose -2*r + 20 = -5*k, -2*r + 3*k = -k - 24. Let u = 46 - r. What is the tens digit of u?
2
Let f = -8 + 17. Let s be (5 - 2)/(6/(-8)). Let a = s + f. What is the units digit of a?
5
Suppose -2*v - 2*v + 912 = -3*y, 5*v = -5*y + 1105. What is the tens digit of v?
2
What is the units digit of 2*(-5 - -3) + 32?
8
Let p = 22 - -2. What is the tens digit of p?
2
Let r = 2 + -6. Let g(a) = -a**3 - 3*a**2 + 3*a - 3. What is the units digit of g(r)?
1
Suppose 3*n + 6 = 21. Suppose 0 = -i, 7*z = 2*z + n*i + 50. What is the tens digit of z?
1
Let a = -83 + 46. Let l be a/2 - 2/4. Let y = -11 - l. What is the units digit of y?
8
Suppose 5*f - 34 = 4*f. Suppose 6*h + 10 = h - 5*l, -5*h = -3*l + f. Let p = -4 - h. What is the units digit of p?
1
Suppose -2*y + 20 = 3*y. What is the units digit of y?
4
Let h be (-2)/(2 - (-24)/(-9)). Suppose 0 = h*q - 4 + 1. What is the units digit of ((-8)/(-20))/(q/25)?
0
Let w(c) = -c**2 + 17*c - 20. What is the tens digit of w(14)?
2
Suppose 5*g + 527 = -0*g - 4*q, 0 = 3*g + q + 319. Let s = -72 - g. What is the tens digit of s?
3
Suppose -g + 4*j = 7 - 0, 0 = -4*g + j + 32. What is the units digit of g?
9
Let s be ((-16)/(-10))/(2/10). Let x(c) = c**2 - 4*c - 5. Let i be x(4). Let h = s + i. What is the units digit of h?
3
Let f = 4 - 5. Let o(b) = -4*b**3 - b. What is the units digit of o(f)?
5
Let l be (-4)/(-12) + 7/(-3). What is the units digit of (3/(-4))/(l/8)?
3
Let q(b) = -6*b + 3. Let s be (-28)/12 - 2/3. What is the tens digit of q(s)?
2
Suppose 0*c = 5*c - 30. Let j be -2*2*4/(-8). Suppose 0 = j*u - c - 8. What is the units digit of u?
7
Let i = 199 - 140. What is the tens digit of i?
5
Suppose -3*i + 4*z + 7 = 0, 4*z + z + 32 = -4*i. Let s(h) = -13*h - 1. What is the tens digit of s(i)?
3
Suppose -56 = -7*o + 56. What is the units digit of o?
6
Suppose 0 = 5*v - 10*v + 70. What is the tens digit of v?
1
Suppose 5*u + 3*d = 8*u - 30, 0 = -5*d + 10. What is the tens digit of u?
1
What is the units digit of (-2)/10 + (-678)/(-15)?
5
Let a = 91 + -56. What is the units digit of a?
5
Let s be (-2 - (-3)/3) + 40. Let k = s + -17. What is the units digit of k?
2
Suppose -104 = -3*v + 7*v. Let t = v - -41. What is the tens digit of t?
1
Suppose -5*n + 4*i = 56, 2*i = -3*i - 5. Let h = n - -30. What is the tens digit of h?
1
Suppose 0*p - 2*p = -156. What is the tens digit of p?
7
Let k be 36/14*14/3. What is the tens digit of ((-4)/(k/(-75)))/1?
2
Suppose -5*m = -0*m - 25. Suppose -m*n + 2 = y + 23, 3*y + 27 = -3*n. What is the units digit of -2*(399/y)/7?
9
Let h be (-2)/5 + 84/35. Suppose 0*q + 20 = h*q. What is the tens digit of q?
1
Let l = 70 - 32. What is the units digit of l?
8
Suppose -2 = 2*f - 3*d - 19, 2*d - 2 = 0. Let k = f - 2. Let r = 16 - k. What is the units digit of r?
8
Let c(m) = -m**3 + 4*m**2 + 6*m - 2. Let p be c(5). Suppose -p*w = 2*w - 10. Suppose 2*v - 4*v + 5*i + 8 = 0, -20 = -5*v - w*i. What is the units digit of v?
4
Let j = 5 + -4. Let d = j + -1. What is the tens digit of 0/(d + -3) + 15?
1
Let s be (0 + -12)/(32/(-16)). What is the tens digit of 530/15 - (-4)/s?
3
What is the tens digit of ((-85)/10)/((-3)/6)?
1
Suppose -4*x = -3*v - 4 + 19, -4*x + 3 = -v. Let y = v + -2. What is the units digit of y?
7
Suppose 3*t + 27 = 78. What is the tens digit of t?
1
What is the hundreds digit of (-18)/(-10)*1160/12?
1
Let l(q) = -2*q + 4. Let g be l(3). Let a(d) = -d**2 - 3*d. Let c be a(g). Suppose h - 6*h - 5*j = -30, 0 = c*h - 5*j - 26. What is the units digit of h?
8
Let p be 75 + 1*(-3 - -3). Let o = -53 + p. What is the tens digit of o?
2
Let a = 365 + -255. What is the hundreds digit of a?
1
Suppose 0 = 3*t - 3 - 3. Suppose -2*g - 4 = 0, 0*u + 5*g = 3*u - 10. Suppose u*y = -y + t. What is the units digit of y?
2
Suppose 4*q = 6 + 2. What is the units digit of q/(-4)*(2 - 10)?
4
Let s(i) = 4*i - 6. Let k be s(4). Suppose 0 = -5*y - 0 + k. What is the units digit of y?
2
What is the tens digit of -4 + 6 + 1 + 42?
4
What is the units digit of 0 - 1 - 24/(-2)?
1
Suppose -b + 863 = -5*i + 2551, 0 = -4*i + 3*b + 1346. What is the hundreds digit of i?
3
Suppose -2 = -4*q + 18. Suppose -2*s - 5 = 4*h - 33, 5*h - 90 = -q*s. What is the units digit of s?
2
Suppose -7*t - 256 + 851 = 0. Suppose -5*v + t = -2*l, -v - 4*l = -l. What is the tens digit of v?
1
Let v = 19 + -15. What is the tens digit of (2 + v/6)*12?
3
Let m = 38 + -25. What is the tens digit of m?
1
Suppose 0 = d + 4*d. Suppose d = -2*z + 31 + 13. What is the tens digit of z?
2
Let m = 3 - 0. Let k = m - 1. What is the units digit of (k + 3)/(-1 + 2)?
5
What is the hundreds digit of 8/36 + 9035/45?
2
Let d(y) = 8*y**2 + 1. Let i = 1 + 0. What is the units digit of d(i)?
9
Let q be 3*6/9 + -5. Let v be 6 + 3/q + 0. Suppose 10 = -4*b + v*b. What is the units digit of b?
0
Suppose -22 = -8*b + 114. What is the units digit of b?
7
Let b = -78 - -125. What is the tens digit of b?
4
Suppose 2*f - 3*g + 7 = 46, 2*g + 58 = 4*f. Let a(l) = -2*l**2 + 4*l - 1. Let i be a(3). Let u = f + i. What is the units digit of u?
5
Let o be 1*(-6)/(-9)*3. Suppose 0 = -2*m + 4, 0*m = -2*r + o*m + 16. What is the units digit of r?
0
Suppose 4*n = -5*b + 1203, 5*n = -b + 4*n + 241. What is the hundreds digit of b?
2
Suppose m = -4*u - 6, 0*m + 2*m + u - 16 = 0. What is the units digit of 6/(-15) - (-94)/m?
9
Let k = 9 + -1. Suppose u = 5*u - k. What is the units digit of (-3)/(u*-3)*2?
1
Let a be (-4 - -1) + (-9 - -4). What is the units digit of (-3 - a) + (-3)/(-3)?
6
Let i(y) = y**3 + 18*y**2 + 30*y - 3. What is the tens digit of i(-16)?
2
What is the units digit of 7/((-49)/(-24)) - 32/(-56)?
4
Let z be (1 - 1 - 0)/(-1). Suppose z = -6*o + 2*o + 12. What is the units digit of o?
3
Suppose 17 = 4*c - 35. What is the units digit of c?
3
Suppose -2*u + 5*h = -39, -3*u + u + 9 = 5*h. What is the tens digit of u?
1
Let g(r) = -3*r - 2. Let l be 26/(-10) + (-36)/(-60). What is the units digit of g(l)?
4
Suppose 4*x = -3*q + 15 + 16, 10 = 5*x - 2*q. Suppose 5*u - 6 = x. What is the units digit of u?
2
Let u = -120 + 222. What is the units digit of u?
2
Let v = -3 + 37. What is the tens digit of v?
3
Let k(q) = -38*q - 10. What is the units digit of k(-10)?
0
Let q = 6 + -3. Suppose -q*i = 3*k - 0*i, k = -4*i - 12. What is the units digit of k?
4
Suppose -a = 5*m + a - 172, 3*m = -3*a + 96. What is the units digit of m?
6
Suppose -4*f + 3*g + 1 = 0, -2*f = -4*g - 6 - 2. Let s(c) = 0 + c**2 - 4 + 2*c + 5. What is the units digit of s(f)?
1
Suppose 3*r - 25 + 5 = 5*a, -r = -4*a - 9. Suppose -r*k + 0 = -5. Suppose n - 10 - k = 0. What is the tens digit of n?
1
Let a(j) = j**3 - 14*j**2 + 2*j. Let v be a(14). Suppose 0 = -2*q + 8 + v. What is the units digit of q?
8
Let q(p) = p**2 - 2*p + 1. Let y = 1 + -2. Let d be 1/(y - (-9)/6). What is the units digit of q(d)?
1
Suppose f - 4*f + 6 = 0. Let q be (-2 + 2)/(f + 0). Suppose q = -3*z + 15. What is the units digit of z?
5
Let t = 448 - 254. What is the units digit of t?
4
Let i(z) be the second derivative of -z**3/6 - 5*z**2/2 + 6*z. What is the units digit of i(-6)?
1
Let z(k) = 2*k**3 - 2*k + 2. Let d = 16 + -14. What is the tens digit of z(d)?
1
Suppose -3*y = 2